{"id":61,"date":"2013-12-15T11:07:48","date_gmt":"2013-12-15T10:07:48","guid":{"rendered":"http:\/\/latelierdediablotin.fr\/WordPress3\/?page_id=61"},"modified":"2026-02-16T09:40:56","modified_gmt":"2026-02-16T08:40:56","slug":"mac-museum","status":"publish","type":"page","link":"https:\/\/latelierdediablotin.fr\/WordPress3\/mac-museum\/","title":{"rendered":"MAC MUSEUM"},"content":{"rendered":"<p style=\"text-align: justify;\">Depuis plus de 30 ans &#8211;<em>et bient\u00f4t presque 40&#8230;<\/em>-, j&rsquo;utilise essentiellement des Mac, tant professionnellement que personnellement. Ainsi s&rsquo;est progressivement constitu\u00e9 dans ma m\u00e9moire &#8211;<em>et, parfois, dans la maison&#8230;<\/em>&#8211; un \u00ab\u00a0Mus\u00e9e du Mac\u00a0\u00bb. Passage en revue, par cat\u00e9gories&#8230;<\/p>\n<p style=\"text-align: justify;\"><span style=\"font-size: 16pt; color: #0000ff;\"><strong>\u2022 <span style=\"text-decoration: underline;\">Les Mac \u00e0 processeurs Motorola 680xx<\/span><\/strong><\/span><br \/>\n&#8211; <strong>1 Mac SE<\/strong> sur lequel j&rsquo;ai r\u00e9dig\u00e9 mon m\u00e9moire de ma\u00eetrise<br \/>\n&#8211; <strong>1 Mac Classic<\/strong><br \/>\n&#8211; <strong>1 Performa 630 CD<\/strong>, \u00e9cran 14&prime; couleurs &#8211; Dop\u00e9 \u00e0 12 Mo Rom, ce qui \u00e9tait beaucoup \u00e0 l&rsquo;\u00e9poque !<br \/>\n&#8211; <strong>1 Powerbook 190cs<\/strong><\/p>\n<p><a href=\"https:\/\/latelierdediablotin.fr\/WordPress3\/wp-content\/uploads\/2024\/11\/Mac680xx_Site112024.jpg\"><img loading=\"lazy\" decoding=\"async\" class=\"aligncenter wp-image-13621\" src=\"https:\/\/latelierdediablotin.fr\/WordPress3\/wp-content\/uploads\/2024\/11\/Mac680xx_Site112024.jpg\" alt=\"\" width=\"1250\" height=\"428\" srcset=\"https:\/\/latelierdediablotin.fr\/WordPress3\/wp-content\/uploads\/2024\/11\/Mac680xx_Site112024.jpg 1523w, https:\/\/latelierdediablotin.fr\/WordPress3\/wp-content\/uploads\/2024\/11\/Mac680xx_Site112024-300x103.jpg 300w, https:\/\/latelierdediablotin.fr\/WordPress3\/wp-content\/uploads\/2024\/11\/Mac680xx_Site112024-1024x351.jpg 1024w, https:\/\/latelierdediablotin.fr\/WordPress3\/wp-content\/uploads\/2024\/11\/Mac680xx_Site112024-768x263.jpg 768w\" sizes=\"auto, (max-width: 1250px) 100vw, 1250px\" \/><\/a><\/p>\n<p style=\"text-align: justify;\"><span style=\"font-size: 16pt;\"><strong><br \/>\n<span style=\"color: #0000ff; font-size: 18pt;\">\u2022 <span style=\"text-decoration: underline;\">Les Mac \u00e0 processeurs PowerPC<\/span><\/span><\/strong><\/span><br \/>\n<strong>&#8211; 1 PowerMac 4400,<\/strong> processeur 603e puis carte-processeur G3, 64 Mo de Rom, carte graphique ProFormance III et lecteur de cartouche SyQuest EZ135<br \/>\n<strong>&#8211; 2 eMac, 1 x processeur G4 700 MHz puis \u00a01 x processeur G4 1,4 GHz et lecteur-graveur Superdrive et socle translucide ajout\u00e9 en option :<\/strong> d&rsquo;abord r\u00e9serv\u00e9s au monde de l&rsquo;\u00e9ducation, leur achat \u00e9tait accompagn\u00e9 de Mac OS X \u00ab Jaguar \u00bb et du pack iWork, alors payants mais offerts gratuitement aux professionnels du champ \u00e9ducatif. Deux excellentes machines, dont le principal d\u00e9faut \u00e9tait le niveau sonore \u00e9lev\u00e9 du ventilateur&#8230;<\/p>\n<p><a href=\"https:\/\/latelierdediablotin.fr\/WordPress3\/wp-content\/uploads\/2024\/11\/Mac_powerPC_Site112024.jpg\"><img loading=\"lazy\" decoding=\"async\" class=\"aligncenter size-full wp-image-13622\" src=\"https:\/\/latelierdediablotin.fr\/WordPress3\/wp-content\/uploads\/2024\/11\/Mac_powerPC_Site112024.jpg\" alt=\"\" width=\"1250\" height=\"422\" srcset=\"https:\/\/latelierdediablotin.fr\/WordPress3\/wp-content\/uploads\/2024\/11\/Mac_powerPC_Site112024.jpg 1250w, https:\/\/latelierdediablotin.fr\/WordPress3\/wp-content\/uploads\/2024\/11\/Mac_powerPC_Site112024-300x101.jpg 300w, https:\/\/latelierdediablotin.fr\/WordPress3\/wp-content\/uploads\/2024\/11\/Mac_powerPC_Site112024-1024x346.jpg 1024w, https:\/\/latelierdediablotin.fr\/WordPress3\/wp-content\/uploads\/2024\/11\/Mac_powerPC_Site112024-768x259.jpg 768w\" sizes=\"auto, (max-width: 1250px) 100vw, 1250px\" \/><\/a><\/p>\n<p style=\"text-align: justify;\"><span style=\"font-size: 16pt;\"><strong><br \/>\n<span style=\"color: #0000ff;\">\u2022 <span style=\"text-decoration: underline;\">Les Mac \u00e0 processeurs Intel<\/span><\/span><\/strong><\/span><br \/>\n<strong>&#8211; 1 iMac 2008 20 pouces :<\/strong> donn\u00e9 et toujours en fonctionnement \u00e0 ce jour &#8211;<em>il ne sert qu&rsquo;\u00e0 faire du traitement de texte chez une doctorante r\u00e9digeant actuellement sa th\u00e8se : aux derni\u00e8res nouvelles, il commence quand m\u00eame \u00e0 ramer tr\u00e8s s\u00e9rieusement&#8230;<\/em>-;<br \/>\n<strong>&#8211; 1 iMac 2012 21 pouces,<\/strong> largement dop\u00e9 en m\u00e9moire &#8211;<em>24 Go<\/em>&#8211; : donn\u00e9 et toujours en fonctionnement \u00e0 ce jour ;<br \/>\n<strong>&#8211; 1 iMac 2019 27 pouces,<\/strong> processeur 6 coeurs, largement dop\u00e9 en m\u00e9moire vive &#8211;<em>32 Go<\/em>&#8211; : c&rsquo;est celui qui me sert au quotidien \u00e0 la maison en ce moment !<\/p>\n<p><a href=\"https:\/\/latelierdediablotin.fr\/WordPress3\/wp-content\/uploads\/2024\/11\/iMac_Intel_Site112024.jpg\"><img loading=\"lazy\" decoding=\"async\" class=\"aligncenter size-full wp-image-13623\" src=\"https:\/\/latelierdediablotin.fr\/WordPress3\/wp-content\/uploads\/2024\/11\/iMac_Intel_Site112024.jpg\" alt=\"\" width=\"1250\" height=\"372\" srcset=\"https:\/\/latelierdediablotin.fr\/WordPress3\/wp-content\/uploads\/2024\/11\/iMac_Intel_Site112024.jpg 1250w, https:\/\/latelierdediablotin.fr\/WordPress3\/wp-content\/uploads\/2024\/11\/iMac_Intel_Site112024-300x89.jpg 300w, https:\/\/latelierdediablotin.fr\/WordPress3\/wp-content\/uploads\/2024\/11\/iMac_Intel_Site112024-1024x305.jpg 1024w, https:\/\/latelierdediablotin.fr\/WordPress3\/wp-content\/uploads\/2024\/11\/iMac_Intel_Site112024-768x229.jpg 768w\" sizes=\"auto, (max-width: 1250px) 100vw, 1250px\" \/><\/a><\/p>\n<p style=\"text-align: justify;\"><span style=\"font-size: 16pt;\"><strong><br \/>\n<span style=\"color: #0000ff;\">\u2022 <span style=\"text-decoration: underline;\">Les MacBook transport\u00e9s quotidiennement en train, en voiture, \u00e0 v\u00e9lo, \u00e0 pied&#8230;<\/span><\/span><\/strong><\/span><br \/>\n<strong>&#8211; 1 MacBook i5 blanc, mod\u00e8le 2009<\/strong>, qui a servi tr\u00e8s longtemps et a \u00e9t\u00e9 ressuscit\u00e9 derni\u00e8rement : il fonctionne encore et sa batterie tient la charge au moins deux heures sans souci, mais je n&rsquo;en fais rien \u00e0 cette heure, il faut que j&rsquo;installe un macOS un peu moins antique que le 10.6.8 !<br \/>\n<strong>&#8211; 1 MacBook Air i5 \u00ab\u00a0Silver\u00a0\u00bb 2019 :<\/strong> donn\u00e9 \u00e0 Tr\u00e9sor-De-Janvier, fonctionne encore parfaitement mais dont les mises \u00e0 jour et un nettoyage en profondeur m\u00e9riteraient d&rsquo;\u00eatre effectu\u00e9s&#8230;<br \/>\n<strong>&#8211; 1 MacBook Air M2 2023 \u00ab\u00a0Gris sid\u00e9ral\u00a0\u00bb :<\/strong> il pourrait devenir mon ordinateur quotidien, pour peu que je dote d&rsquo;un \u00e9cran externe de bonne taille, mais rien n&rsquo;est d\u00e9cid\u00e9 \u00e0 cette heure !<a href=\"https:\/\/latelierdediablotin.fr\/WordPress3\/wp-content\/uploads\/2024\/11\/MacBook_site112024.jpg\"><br \/>\n<\/a><\/p>\n<p><img loading=\"lazy\" decoding=\"async\" class=\"aligncenter size-large wp-image-15064\" src=\"https:\/\/latelierdediablotin.fr\/WordPress3\/wp-content\/uploads\/2025\/06\/MacBook2009-2023-1024x282.jpg\" alt=\"\" width=\"1024\" height=\"282\" srcset=\"https:\/\/latelierdediablotin.fr\/WordPress3\/wp-content\/uploads\/2025\/06\/MacBook2009-2023-1024x282.jpg 1024w, https:\/\/latelierdediablotin.fr\/WordPress3\/wp-content\/uploads\/2025\/06\/MacBook2009-2023-300x83.jpg 300w, https:\/\/latelierdediablotin.fr\/WordPress3\/wp-content\/uploads\/2025\/06\/MacBook2009-2023-768x212.jpg 768w, https:\/\/latelierdediablotin.fr\/WordPress3\/wp-content\/uploads\/2025\/06\/MacBook2009-2023.jpg 1393w\" sizes=\"auto, (max-width: 1024px) 100vw, 1024px\" \/><\/p>\n<p><span style=\"font-size: 16pt;\"><strong><span style=\"color: #0000ff;\">\u2022 <span style=\"text-decoration: underline;\">Et quelques iPad de plus, au fil du temps !<\/span><\/span><\/strong><\/span><\/p>\n<p style=\"text-align: justify;\">Depuis 2011, j&rsquo;ai utilis\u00e9 quelques iPad, outil ultra-portable \u00e9minemment pratique au quotidien pour la lecture de la presse quotidienne \u00a0ou de certains magazine ayant d\u00e9velopp\u00e9 une application sp\u00e9cifique \u00e0 cet effet. J&rsquo;y ai \u00e9galement acc\u00e8s \u00e0 une tr\u00e8s large biblioth\u00e8que de romans, ainsi qu&rsquo;\u00e0 l&rsquo;ensemble de ma discoth\u00e8que d\u00e9j\u00e0 num\u00e9ris\u00e9e. C&rsquo;est mon outil de pr\u00e9dilection durant les vacances, et aussi celui que j&rsquo;utilise durant mes longues nuits sans dormir&#8230; Je les change r\u00e9guli\u00e8rement en fonction de mes besoins, et donne les mod\u00e8les dont je ne me sers plus, sachant que si certains mod\u00e8les anciens restent utilisables, l&rsquo;\u00e9volution assez rapide du syst\u00e8me et de nombreuses applications les condamnent \u00e0 ne plus pouvoir \u00eatre mis \u00e0 jour.<\/p>\n<p><a href=\"https:\/\/latelierdediablotin.fr\/WordPress3\/wp-content\/uploads\/2026\/02\/MacMuseum-iPad_022026.webp\"><img loading=\"lazy\" decoding=\"async\" class=\"aligncenter wp-image-17087\" src=\"https:\/\/latelierdediablotin.fr\/WordPress3\/wp-content\/uploads\/2026\/02\/MacMuseum-iPad_022026.webp\" alt=\"\" width=\"1500\" height=\"530\" srcset=\"https:\/\/latelierdediablotin.fr\/WordPress3\/wp-content\/uploads\/2026\/02\/MacMuseum-iPad_022026.webp 2181w, https:\/\/latelierdediablotin.fr\/WordPress3\/wp-content\/uploads\/2026\/02\/MacMuseum-iPad_022026-300x106.webp 300w, https:\/\/latelierdediablotin.fr\/WordPress3\/wp-content\/uploads\/2026\/02\/MacMuseum-iPad_022026-1024x362.webp 1024w, https:\/\/latelierdediablotin.fr\/WordPress3\/wp-content\/uploads\/2026\/02\/MacMuseum-iPad_022026-768x271.webp 768w, https:\/\/latelierdediablotin.fr\/WordPress3\/wp-content\/uploads\/2026\/02\/MacMuseum-iPad_022026-1536x543.webp 1536w, https:\/\/latelierdediablotin.fr\/WordPress3\/wp-content\/uploads\/2026\/02\/MacMuseum-iPad_022026-2048x724.webp 2048w\" sizes=\"auto, (max-width: 1500px) 100vw, 1500px\" \/><\/a><\/p>\n","protected":false},"excerpt":{"rendered":"<p>Depuis plus de 30 ans &#8211;et bient\u00f4t presque 40&#8230;-, j&rsquo;utilise essentiellement des Mac, tant professionnellement que personnellement. Ainsi s&rsquo;est progressivement constitu\u00e9 dans ma m\u00e9moire &#8211;et, parfois, dans la maison&#8230;&#8211; un \u00ab\u00a0Mus\u00e9e du Mac\u00a0\u00bb. Passage en revue, par cat\u00e9gories&#8230; \u2022 Les Mac \u00e0 processeurs Motorola 680xx &#8211; 1 Mac SE sur lequel j&rsquo;ai r\u00e9dig\u00e9 mon m\u00e9moire [&hellip;]<\/p>\n","protected":false},"author":667,"featured_media":5792,"parent":0,"menu_order":0,"comment_status":"open","ping_status":"closed","template":"","meta":{"site-sidebar-layout":"no-sidebar","site-content-layout":"","ast-site-content-layout":"default","site-content-style":"default","site-sidebar-style":"default","ast-global-header-display":"","ast-banner-title-visibility":"","ast-main-header-display":"","ast-hfb-above-header-display":"","ast-hfb-below-header-display":"","ast-hfb-mobile-header-display":"","site-post-title":"","ast-breadcrumbs-content":"","ast-featured-img":"","footer-sml-layout":"","ast-disable-related-posts":"","theme-transparent-header-meta":"default","adv-header-id-meta":"","stick-header-meta":"","header-above-stick-meta":"","header-main-stick-meta":"","header-below-stick-meta":"","astra-migrate-meta-layouts":"set","ast-page-background-enabled":"default","ast-page-background-meta":{"desktop":{"background-color":"var(--ast-global-color-4)","background-image":"","background-repeat":"repeat","background-position":"center center","background-size":"auto","background-attachment":"scroll","background-type":"","background-media":"","overlay-type":"","overlay-color":"","overlay-opacity":"","overlay-gradient":""},"tablet":{"background-color":"","background-image":"","background-repeat":"repeat","background-position":"center center","background-size":"auto","background-attachment":"scroll","background-type":"","background-media":"","overlay-type":"","overlay-color":"","overlay-opacity":"","overlay-gradient":""},"mobile":{"background-color":"","background-image":"","background-repeat":"repeat","background-position":"center center","background-size":"auto","background-attachment":"scroll","background-type":"","background-media":"","overlay-type":"","overlay-color":"","overlay-opacity":"","overlay-gradient":""}},"ast-content-background-meta":{"desktop":{"background-color":"var(--ast-global-color-5)","background-image":"","background-repeat":"repeat","background-position":"center center","background-size":"auto","background-attachment":"scroll","background-type":"","background-media":"","overlay-type":"","overlay-color":"","overlay-opacity":"","overlay-gradient":""},"tablet":{"background-color":"var(--ast-global-color-5)","background-image":"","background-repeat":"repeat","background-position":"center center","background-size":"auto","background-attachment":"scroll","background-type":"","background-media":"","overlay-type":"","overlay-color":"","overlay-opacity":"","overlay-gradient":""},"mobile":{"background-color":"var(--ast-global-color-5)","background-image":"","background-repeat":"repeat","background-position":"center center","background-size":"auto","background-attachment":"scroll","background-type":"","background-media":"","overlay-type":"","overlay-color":"","overlay-opacity":"","overlay-gradient":""}},"footnotes":""},"class_list":["post-61","page","type-page","status-publish","has-post-thumbnail","hentry"],"_links":{"self":[{"href":"https:\/\/latelierdediablotin.fr\/WordPress3\/wp-json\/wp\/v2\/pages\/61","targetHints":{"allow":["GET"]}}],"collection":[{"href":"https:\/\/latelierdediablotin.fr\/WordPress3\/wp-json\/wp\/v2\/pages"}],"about":[{"href":"https:\/\/latelierdediablotin.fr\/WordPress3\/wp-json\/wp\/v2\/types\/page"}],"author":[{"embeddable":true,"href":"https:\/\/latelierdediablotin.fr\/WordPress3\/wp-json\/wp\/v2\/users\/667"}],"replies":[{"embeddable":true,"href":"https:\/\/latelierdediablotin.fr\/WordPress3\/wp-json\/wp\/v2\/comments?post=61"}],"version-history":[{"count":0,"href":"https:\/\/latelierdediablotin.fr\/WordPress3\/wp-json\/wp\/v2\/pages\/61\/revisions"}],"wp:featuredmedia":[{"embeddable":true,"href":"https:\/\/latelierdediablotin.fr\/WordPress3\/wp-json\/wp\/v2\/media\/5792"}],"wp:attachment":[{"href":"https:\/\/latelierdediablotin.fr\/WordPress3\/wp-json\/wp\/v2\/media?parent=61"}],"curies":[{"name":"wp","href":"https:\/\/api.w.org\/{rel}","templated":true}]}}